3 = 5. Suppose 4*b - r - 5216 = 0, 5*b = -3*r + i*r + 6527. Is b a prime number?
True
Let q = 276 + 48. Let i = q - 477. Is ((-26)/6)/(3/i) a composite number?
True
Suppose 4*h - 10711 = 2*y + 335, 3*y = 3*h - 8280. Let u = h + -2. Is u a composite number?
True
Suppose 0 = -6*p - 50 + 8. Is (-2)/p - ((-13618)/(-14))/(-1) prime?
False
Suppose z - 5 = t, -5*z = -6*z + 5*t - 7. Suppose 0 = 3*n - 4*l - z, -3*n - 3*l + 5 = -10. Suppose -7*b + n*b = -231. Is b a prime number?
False
Suppose -p = 2*u - 58299, -5*p + 27*u = 31*u - 291507. Is p composite?
True
Let h be (3 - 0)*((-1)/3 + 0). Is 199/(h/1 + 2) a composite number?
False
Let t(a) = -63*a - 22. Let v(u) = 820*u + 285. Let n(r) = 40*t(r) + 3*v(r). Is n(-11) a prime number?
False
Let c(g) = -g**2 + 12*g - 1. Let f be c(8). Suppose -26*v - 385 = -f*v. Is v composite?
True
Let v(q) = -297*q**3 - 4*q**2 + 2*q + 4. Let i(x) = 296*x**3 + 3*x**2 - x - 3. Let m(a) = 3*i(a) + 2*v(a). Let n = -36 + 37. Is m(n) a composite number?
True
Suppose -19725 = 5*a - 8*a. Suppose 0 = -3*d - n + 1430 + 2522, 4*n = -5*d + a. Is d a prime number?
True
Let p(x) = x**2 + 4*x. Let o be p(-5). Suppose o*q + 20 = 0, -g - 2 = -3*q - 12. Is 16/7 + g/7 a prime number?
True
Let i(h) = -9*h - h + 0*h - 5*h. Let g be i(-1). Suppose -11 = 14*c - g*c. Is c a composite number?
False
Let x = 25 - 18. Let t(i) = 42*i - 1. Is t(x) a composite number?
False
Let x = 1307 - 266. Is x a composite number?
True
Let p(t) = 7*t**2 + 8*t - 33. Is p(-10) a composite number?
False
Let a(d) be the second derivative of 33*d**4/4 - 2*d**3/3 + 3*d**2/2 - 7*d. Is a(2) composite?
True
Let b = 159 + -373. Let p = b + 693. Is p composite?
False
Suppose 11947 = 4*l + q, 23*l - 25*l - 4*q = -5970. Is l a prime number?
False
Let c be 1 + 458 + (4 - 2). Suppose w - 2*v + 186 = -68, w + v + 248 = 0. Let d = w + c. Is d a composite number?
False
Suppose 5455 = 5*x + 4*g, -x + 554 = -4*g - 537. Suppose 3*y = -w + 5*w + x, 4*y - 1463 = -3*w. Is y a prime number?
False
Let a = 7194 + -1795. Is a a prime number?
True
Let q = -42 + 149. Suppose q = d + 4*m, -2*d - 3*m + 222 = m. Is d composite?
True
Let z(r) = -7*r + 10. Let m be z(2). Let b(l) = -121*l - 5. Is b(m) prime?
True
Suppose 0 = y - 1 - 3. Suppose 0 = 5*t - y*k - 1520, -6*k = -3*t - 2*k + 904. Suppose -3*w = w - t. Is w composite?
True
Let d(v) be the second derivative of 11*v**3/2 - v**2 - 27*v. Let o(h) = -h**3 + 2*h**2 + h + 1. Let l be o(2). Is d(l) prime?
True
Let s(q) = 45*q**2 - 3*q + 6. Let p be s(-5). Let l be (16/3)/(4/p). Suppose -5*v - 5*c = -1530, -l = -5*v - 0*c - 3*c. Is v composite?
True
Let w = -856 + 338. Let b = w + 769. Suppose r + 60 = b. Is r prime?
True
Suppose 5*x - 9*x + 3976 = 0. Suppose -42*f = -40*f - x. Is f a prime number?
False
Suppose -h + 9608 = 4*w - w, -3*w + h = -9610. Is w composite?
False
Let d(s) = 3*s + 11. Let u be d(-9). Let x be (u/10)/((-32)/80). Is -1*(-35 + x + 0) a prime number?
True
Let g be -1 + 0 - (-6 - -3). Suppose -v - 24 = -2*c - g*c, 0 = -3*c + 3*v + 27. Suppose -4*y + 2*m - 5 + 65 = 0, 0 = c*y + m - 75. Is y a prime number?
False
Let i(r) = 293*r**2 - 2*r + 14. Is i(-3) a prime number?
True
Suppose -3*t = -4*t + 2. Suppose s - 20 = -5*c, -3*c - t = -s - 6. Suppose q + c*m = m + 161, -m = -3*q + 469. Is q prime?
True
Let w(k) = 7*k + 3. Let l be w(0). Is 746 + l + 0/3 a prime number?
False
Suppose -2*q + 5*m + 1491 = 0, -q + 2*m + 773 = 5*m. Suppose -4*w + 94 = -q. Is w a composite number?
True
Suppose 0*z = -z. Suppose z = -4*o - 16 + 104. Suppose -4*v - o = -2, 4*v = 5*j - 595. Is j prime?
False
Let a be ((-1*472)/(-2))/((-3)/(-24)). Let z = -479 + a. Is z composite?
False
Let h = -17755 - -42042. Is h a prime number?
False
Let x be (-1102)/4 + 2/(-4). Let f be (-107)/3 - (-11)/(-33). Is (x/f)/(1/51) composite?
True
Let x = 19 + -19. Suppose 3*v - 2527 + 268 = x. Is v a composite number?
True
Let t(p) = 19*p**3 + 2*p**2 - 4*p + 2. Let i(l) be the third derivative of -l**5/60 + l**4/3 + l**3/2 + 11*l**2. Let v be i(8). Is t(v) a composite number?
False
Let c(g) = 90*g + 1. Let p be c(-1). Let b = 6 - p. Suppose 0*i = i - b. Is i a composite number?
True
Is (2 + 7 + -10)/((-1)/121777) a composite number?
True
Let q(t) = t**3 + 47*t**2 + 24*t - 83. Is q(-29) a composite number?
True
Suppose -3*c + 6*v + 7 = 5*v, c - 7 = 5*v. Let b = -50 + 226. Is (13/c)/(8/b) prime?
False
Suppose -5*s - 6 + 21 = 0. Suppose s = l, -3*i = i - 3*l - 15. Let h(q) = 21*q - 5. Is h(i) composite?
True
Suppose 14*m - 5145 = 18011. Is m composite?
True
Let o(q) = -2*q**3 + 5*q**2 + 4*q - 3. Let v be o(3). Is -2*(1028/8)/(-1) + v composite?
False
Suppose -52 = -4*i - 4*n + 152, 0 = -5*i + 4*n + 228. Suppose -i + 969 = p. Is p a prime number?
False
Let i = -16080 - -40691. Is i a composite number?
False
Suppose 2 = 5*t - 8. Let m(w) = 6 + w - 3 - t + 0*w + 82*w**2. Is m(2) prime?
True
Let v be 0 - -1 - (5 + -6). Let n be 0 - 1*(0 - 3). Suppose -p = -n*f + v*p + 285, -f - p = -93. Is f a composite number?
True
Let k = 722 + 283. Let u = -324 + k. Is u composite?
True
Suppose 3*a - 9 = -0. Suppose 3*q = -a*q. Suppose 0 = r + 4*m - 18 - 17, 2*m - 2 = q. Is r a prime number?
True
Let w = 7901 + -5398. Is w prime?
True
Is 392623/44 + (10/(-8))/5 composite?
False
Let l be 1/(0 - 1) - -3. Suppose -3*k - 2*d + 6*d - 2538 = 0, 3*k + 2556 = -l*d. Let n = k + 1221. Is n a composite number?
True
Suppose 6*f = 7*f - 212. Suppose -p - 29 = -3*v + 4*p, v - 2*p = 11. Suppose k - f = -v*k. Is k prime?
True
Is (131226/12)/((-12)/(-24)) prime?
True
Let h(b) = 5*b**3 + 74*b**2 + 19*b - 5. Let x(c) = -c**3 - 15*c**2 - 4*c + 1. Let j(r) = -2*h(r) - 11*x(r). Is j(-12) prime?
True
Let g = 3419 - 270. Is g a composite number?
True
Suppose a + 12 = 11, -5*z + 64477 = -2*a. Is z prime?
False
Let j(g) = 25*g**2 + 18*g - 24. Let q be j(13). Suppose 0 = 3*f + 2*f - q. Is f prime?
True
Let r(j) = 4120*j - 27. Is r(2) composite?
True
Let i(f) = 9*f + 10*f - 21 - 18*f. Let y(b) = 2*b - 62. Let u(s) = 7*i(s) - 2*y(s). Is u(10) a composite number?
False
Let y = 921 + -226. Suppose 0 = u - y + 18. Is u composite?
False
Let p(c) = 13*c**3 - 7*c**2 + 6*c - 1. Let u = -53 - -57. Is p(u) a composite number?
False
Suppose -2*x - 9 = 1, -4*k - 2*x + 10830 = 0. Suppose 59*z - k = 54*z. Is z prime?
False
Let v = 41 + -355. Let r = v + 525. Is r a prime number?
True
Let t(h) = -h**2 - 5*h - 6. Let o be t(-5). Is 5721/45 - o/(-45) composite?
False
Suppose -4*h + 27 = 7. Let f(a) = 8*a**2 - 22. Is f(h) composite?
True
Let f = -381 - -86. Let y = f + 444. Is y composite?
False
Let k(t) = -t**3 + 13*t**2 + 13*t + 14. Let n = 47 + -33. Let w be k(n). Suppose 2*a - 968 - 942 = w. Is a a composite number?
True
Let x be -15*((-80)/15 + 2). Let c = x + -28. Is (-11 - -1)/(c/(-341)) a prime number?
False
Let n(l) = -2*l**3 + 5*l**2 - 4*l + 8. Let i(w) = -3*w**3 + 7*w**2 - 6*w + 12. Let p(s) = 5*i(s) - 8*n(s). Is p(5) a composite number?
True
Suppose 7347 = h - 4904. Is h a composite number?
False
Let h be (-11)/(-2) - (-1)/(-2). Suppose 4*p + 23 = 8*p + 3*a, -p + 5*a = 23. Suppose 3161 = h*x + p*k, 260 + 356 = x - 5*k. Is x prime?
True
Let f = 628 + -313. Suppose 4*b = x + 1239, 3*b = 2*b + 2*x + f. Let j = b - 91. Is j composite?
True
Suppose 0 = -24*c + 343714 + 48230. Is c a prime number?
False
Let k be (4348/(-8))/(1/(-6)). Suppose 2649 = 6*y - k. Is y a prime number?
False
Let t be (-4)/(-7)*((10 - 0) + -3). Is (t/8)/((-2)/(-1096)) a prime number?
False
Let b = 9725 + -4974. Is b a prime number?
True
Let d(b) = -b**2 + 6*b + 4. Let c be d(6). Let k = c - 8. Let h(g) = -171*g + 1. Is h(k) a composite number?
True
Suppose 29*u - 35*u = -20268. Suppose -2*z + u = -4*o, -2*o = -z - 4*o + 1669. Is z composite?
True
Let b(x) = 107*x + 56. Is b(9) a composite number?
False
Suppose q + 76 = -5*s + 3*s, -5*s - 5*q = 185. Let b(y) = 2*y**2 + 2*y + 2. Let i be b(6). Let w = i + s. Is w prime?
True
Suppose -v = -2*m + 7, -3*v = -5*m + 26 - 8. Let w be 2/(-3) + (-2)/(-3). Suppose m*g = 3*y - 1179, g + w*g = 2. Is y a prime number?
False
Let o = 166 - 170. Suppose 4*k = 12, 2*k = 4*z + k + 7. Is 70 - z*4/o prime?
False
Let u = 2521 - 1372. Is u a prime number?
False
Let a = -19832 - -51267. Is a a prime number?
False
Let x be 4/(-30)